e factors of y?
5
Let w(j) = j + 11. Let x be w(0). Suppose 4*v - x = 65. What are the prime factors of v?
19
Let d(x) = -2*x + 195. Let l be d(0). Suppose -3*n + 55 = -2*n - 5*z, -5*z - l = -5*n. What are the prime factors of n?
5, 7
Let z = -5 + 27. Suppose 2*u - z = -p, 3*p = -2*u + 78 + 4. Suppose -3*a + p = 2*a. What are the prime factors of a?
2, 3
Let h(s) = 25*s + 1. What are the prime factors of h(2)?
3, 17
Suppose -6 = -d - 4. Suppose 3*k + 5 = c, -5*c + 0*c + d*k = -38. Let h(b) = -b + 12. List the prime factors of h(c).
2
Let f = 4 - 13. Suppose 0 = -2*s + 4*i + 36, i - 2*i = 0. Let b = f + s. List the prime factors of b.
3
Let u = -5 + 1. What are the prime factors of (u/(-6))/((-4)/(-78))?
13
Suppose -7 = 3*r - 2*r - 3*z, -3*r - 4*z = 21. Let l(k) = k**2 + 6*k - 4. List the prime factors of l(r).
3
Let d be 0/(-2 - (-1)/1). Suppose m + 2*m - 39 = d. List the prime factors of m.
13
Suppose 3*d - 8*d = -1115. List the prime factors of d.
223
Let r = -1 + -1. Let y(t) = t**3 - 6*t**2 + 2*t. Let q(o) = -o**3 + o**2 - o - 1. Let l(k) = -2*q(k) - y(k). List the prime factors of l(r).
2, 5
Let k be 1 - (-3 - 2/2). Suppose -b - 2*z + 1 = -15, -47 = -3*b - k*z. What are the prime factors of b?
2, 7
What are the prime factors of (16 - 15) + 14 + 1?
2
Let d(p) = -7*p - 23. What are the prime factors of d(-6)?
19
Let s(r) be the first derivative of r**2/2 + 9*r - 3. Let b(k) = k + 5. Let f(v) = 11*b(v) - 6*s(v). List the prime factors of f(1).
2, 3
Let n = 4 + -4. Suppose -o = -2*d - 18 - n, 49 = 3*o - 5*d. Let f = o + -6. List the prime factors of f.
2
Let t(o) = o**3 - 3*o**2 - 12*o - 1. Let y(h) = -h**3 + 3*h**2 + 11*h. Let l(v) = -3*t(v) - 4*y(v). What are the prime factors of l(5)?
13
Let o(s) = 8*s**2 + 6*s - 3. What are the prime factors of o(5)?
227
Let o(c) = 5*c**2 + 1. Let w be o(-1). Let k be -3 + w - 3 - -1. Let i(u) = 6*u**3 + u**2 - u + 1. What are the prime factors of i(k)?
7
Suppose 2*d + 0*d = 5*m + 135, -255 = -4*d + 5*m. List the prime factors of d.
2, 3, 5
Let i(u) = -u**3 - 3*u**2 - 2*u. Let z be i(-2). Let x = z - -4. Let r = -1 + x. What are the prime factors of r?
3
Suppose 3*t = 7*t + 28. Let y = -5 - t. List the prime factors of y + -3*3/(-9).
3
Suppose 442 + 882 = 4*s + 4*h, 3*h = 3*s - 1023. What are the prime factors of s?
2, 3, 7
Suppose 0*s + 4*s - 5*y = 71, 2*y = -4*s + 50. What are the prime factors of s?
2, 7
Let j be 17 + -2 - 2*1. Let h = -7 + j. Suppose -r - 2*c = 2*c + h, 4*r + 5*c = 20. List the prime factors of r.
2, 5
Suppose 0*a + 19 = a. Let z = a - 3. What are the prime factors of z?
2
Suppose 0 = 2*s + s + 4*z - 56, -64 = -3*s - 2*z. List the prime factors of s.
2, 3
Let n(i) = i - 4. Let w be n(6). Suppose -o = w*o - 30. What are the prime factors of o?
2, 5
Let d(m) = -m + 2. Let a be d(-3). Suppose 2*l = l + a*j + 2, 4*l = -5*j + 33. List the prime factors of l.
7
Let a(c) be the third derivative of 0 - c**2 - 7/24*c**4 + 0*c - 13/6*c**3 + 1/60*c**5. List the prime factors of a(9).
5
Suppose 5*v = -4*i + 17, i + 2*v - 5 = -0*v. Suppose 0 = -2*o - i*m, 0*m - 4*m - 23 = -5*o. What are the prime factors of o?
3
Let q = -2 - -9. Let g(w) = -w + 15. List the prime factors of g(q).
2
Let k = -7 + 12. Suppose -5*v + 5*x + 45 = 0, 46 - 1 = k*v + 4*x. List the prime factors of v.
3
Let r = 2 - 1. Suppose -2 = 4*f - 3*g - r, -2*f - 4*g + 16 = 0. Suppose -4*x = -2*b + 24, -f*x = -7*x. List the prime factors of b.
2, 3
Let p(o) = -2*o. Let c be p(-1). Suppose -4*v + 9*v - 180 = 0. Suppose -k - 3*b - 2*b = -2, -c*k + v = 2*b. What are the prime factors of k?
2, 11
Suppose 0 = -0*a - a + 6. Let o(m) be the second derivative of -m**4/12 + m**3 + 4*m**2 + m. What are the prime factors of o(a)?
2
Let w = -15 + 12. What are the prime factors of 10 - (0 - w/(-3))?
11
Let m(s) = 17*s - 14. List the prime factors of m(3).
37
Suppose -2*q - 9 - 3 = 0. Let z(l) be the second derivative of -l**4/12 - 4*l**3/3 - l**2/2 + 8*l. What are the prime factors of z(q)?
11
Suppose 5*d = -3*f + d + 7, d - 8 = -2*f. Suppose 4*w = -0*w - f*q + 91, 3*w - 69 = -4*q. What are the prime factors of (w - (-3 + 6)) + -1?
3, 5
Let r(j) = -2*j + 9. Let t be r(4). Suppose -6 + t = -k. What are the prime factors of k?
5
Let k = -41 + 74. List the prime factors of k.
3, 11
List the prime factors of 21/14*(-236)/(-6).
59
Let f(c) = 9*c**2 + 3*c - 4. List the prime factors of f(2).
2, 19
Suppose -11*a + 900 = -2*a. What are the prime factors of a?
2, 5
Let p be (-1)/(-2) + (-2)/4. List the prime factors of (-7)/(p/(-1) + -1).
7
Suppose -k + p + 15 = 0, 0*p + 65 = 3*k + p. Suppose -k = 5*o, -4*o + 23 = -5*q + 9. What are the prime factors of ((-24)/(-20))/(q/(-20))?
2
Let m = 6 - 3. Suppose -45 = -m*j + 2*n, -3*j + 6 + 42 = -3*n. What are the prime factors of j?
13
Suppose 2*j - 6 = -8. Let p = -10 - j. Let t = p + 23. What are the prime factors of t?
2, 7
What are the prime factors of (270/(-4))/(1/(16/(-12)))?
2, 3, 5
Let g be (8/10)/(4/90). Let p = g - 13. What are the prime factors of p?
5
Let n(z) = z**2 + z. Let g be n(0). Let i be (g/2 + -4)/(-1). Suppose -i*q = -3*s + 58, 2*s = q - 3*q + 34. What are the prime factors of s?
2, 3
Let r = 7 + -2. What are the prime factors of r?
5
Let b be (-2)/(-14) + (-1704)/21. Let r = b + 118. What are the prime factors of r?
37
Let m(w) = w**3 + 12*w**2 + w + 16. List the prime factors of m(-12).
2
Let a(z) = z**2 + 2*z + 3. Let h be a(3). Suppose -w - 4*u = 28, -4*w + 2*u + 0*u - 22 = 0. Let m = h + w. What are the prime factors of m?
2, 5
Suppose -310 - 65 = -3*r. Suppose 10*a - r = 5*a. What are the prime factors of a?
5
What are the prime factors of ((-1)/(-4))/(5/20)*130?
2, 5, 13
Suppose 0 = -i + 3*b + 57, -4*i - i + 4*b = -329. What are the prime factors of i?
3, 23
Let n(m) = -2 - 2*m + 2*m - 4*m + 0*m. List the prime factors of n(-2).
2, 3
Suppose 3*t + 76 = z, 5*z = -0*t + 2*t + 315. What are the prime factors of z?
61
Let x = 49 - 29. Let i = -2 - 7. Let s = i + x. List the prime factors of s.
11
Suppose 0 = 4*i + 27 + 25. Let s = i + 23. What are the prime factors of s?
2, 5
Let r be (-1 - -1)/(1*-1). Let g = 37 + r. What are the prime factors of g?
37
Suppose -3*y = -5*x - 122 - 210, y + x = 108. List the prime factors of y.
109
Let h(g) = -g**3 - 6*g**2 - 7*g - 7. Let o be h(-5). Suppose -2*b = -o*r - 28, -4*b + 12 = -2*b + 5*r. Suppose 0 = 3*n - 4*n + b. List the prime factors of n.
11
Let a = -10 - -15. Let w(v) = v**3 - 5*v**2 + v + 3. Let j be w(a). Let i = j - 5. List the prime factors of i.
3
Suppose 0*u - 2*u = -4. Suppose -a + 42 = u*a. Suppose 0 = h - 2 - a. List the prime factors of h.
2
Suppose x + 3*z + 71 = -0*z, -5*x + 2*z = 372. List the prime factors of x/(-5) + 36/(-45).
2, 7
Suppose 0 = 2*p - p + m - 22, -108 = -5*p - 4*m. Let h = p + 3. What are the prime factors of h?
23
What are the prime factors of (2280/18)/(2/3)?
2, 5, 19
Let b = -26 + 16. Let v be 10*((-208)/b)/4. What are the prime factors of (-8)/v + 132/13?
2, 5
Suppose 0 = -m + 2 + 2, -3*u + m + 101 = 0. Suppose -4*c = -5*c - 2, -3*c = -a + u. What are the prime factors of a?
29
Let a(q) = 38. Let r(b) = b - 1. Let y(v) = -a(v) - 38*r(v). List the prime factors of y(-1).
2, 19
Suppose -14*u = -12*u - 166. List the prime factors of u.
83
Let x be (-1)/(-4) + 1/(-4). Suppose x = 5*r + p - 109, 2*r + 5*p = 4*r - 22. List the prime factors of r.
3, 7
Let r(q) = -q**2 + 8*q + 10. Let z be r(8). Let n be 5/z + (-6)/(-4). Suppose 2*j - 2*y + 0 = n, -4*y = -j - 11. List the prime factors of j.
5
Let i(c) = 9*c**2 - 11*c + 4. List the prime factors of i(5).
2, 3, 29
Suppose 3*f - 2*f = -4*n - 18, -12 = -f + 2*n. Let z(c) = 11 - f*c - 2*c + 3*c. List the prime factors of z(6).
5
Let i = -10 - -5. Let v(p) = -5*p + 7 - 5*p + 6*p - p**2. What are the prime factors of v(i)?
2
What are the prime factors of ((-1036)/6)/(4*1/(-6))?
7, 37
Suppose -2*l = -4*l + 14. Let y be 12/l - (-14)/49. Suppose y*x - 5 = -1. What are the prime factors of x?
2
Suppose c = 33 + 63. Let i = c - 60. List the prime factors of i.
2, 3
Let a = 10 - 8. Suppose 0 = -2*r - 7*v + a*v + 18, -4*v - 64 = -4*r. Let x = r - 6. What are the prime factors of x?
2
Suppose 3*x - 2*x - 2*q - 4 = 0, 2*x - 5*q - 7 = 0. Let w be 4/x - (-327)/9. Suppose 0 = 